be (-3 + 1)*-3 + 10 + -12. Suppose -2*d - 7429 = -c*s - 19343, -s = -5*d + 29758. Is d a prime number?
False
Suppose 2*l - 10236 = -0*l + 4*y, -3*y = l - 5123. Let j = -69 + l. Is j a prime number?
True
Suppose 45*x - 2*x - 22292765 = -12*x. Is x composite?
False
Let g = -12 - 10. Let j = g - -26. Let r(n) = 2*n**2 - n + 3. Is r(j) prime?
True
Suppose 4*z = -4*x + 1186612, 24*z + 6 = 27*z. Is x a prime number?
True
Suppose 49396061 = -3590*k + 3733*k. Is k a prime number?
False
Suppose 0 = -5*f + 5*t, 5*f + 5*t - 52 + 12 = 0. Suppose 3*l = -4*b + 45029, -2*l - 33759 = -f*b + b. Is b prime?
False
Let t = -493 - -508. Is (t - -2)/(7/2317) prime?
False
Let p = 501 + -294. Suppose -p*a = -204*a - 38685. Is a composite?
True
Suppose 108*h - 162546 = 102*h. Suppose -4*c - f + 18059 = -2*c, -3*c = 4*f - h. Is c a prime number?
True
Suppose -173*g - 82*g - 801559 = -4207849. Is g a composite number?
True
Suppose -2*y = 2*y + 12. Let r be (2/y)/(4/(-4764)). Let g = -325 + r. Is g a composite number?
True
Let a = 182 + -179. Suppose -2*g = 3*o - 806, -5*o + 4*o = -a*g + 1209. Is g composite?
True
Suppose 51*p + 38*p = 105*p - 5251952. Is p composite?
True
Let v be 6/12 - (-10)/4. Is ((-2)/3)/(-2) - (-10958)/v a composite number?
True
Let g(l) = -l**2 - 13*l - 8. Let r be g(-11). Let k(j) be the second derivative of j**3/2 - 8*j**2 - 14*j. Is k(r) prime?
False
Suppose -40 = -8*o, -m + 26993 = 3*m + 5*o. Is m a prime number?
False
Let c be 26/13 + 1*(2 - 1). Suppose -2*t + c*s + 15335 = 0, 5*t + 38321 = 10*t - 2*s. Is t prime?
False
Let p(c) = c**3 - 4*c. Let v be p(-2). Suppose v = -81*k + 82*k - 3713. Is k prime?
False
Let c(r) = -290*r + 4469. Is c(-51) a prime number?
True
Let n(h) = -h**3 + 12*h**2 + 12*h + 1. Suppose 2*x - 12 = -u, 5*x = 2*u - 12 - 12. Let g be n(u). Let r = g + -58. Is r a composite number?
True
Let b = -1020639 + 1563916. Is b prime?
False
Let j be 104/12*(2 - -4). Let u = j + -34. Suppose -2*k + 65 + u = v, 4*v - 322 = -3*k. Is v prime?
True
Let u(m) = 44571*m + 3676. Is u(35) composite?
True
Suppose 0 = 3*g - 5*q - 204059, 2*g - 5*q + 45762 = 181798. Is g composite?
False
Let t = -43441 - -81188. Is t composite?
False
Suppose 0 = -2*d + d + 4, 4*d - 7 = 3*w. Let c be (-29 + 28)/(2/(-4)). Suppose -w*m - h = -488, -4*h - 222 - 80 = -c*m. Is m a composite number?
True
Let z = -49638 + 87349. Is z prime?
False
Suppose 0 = 58*j - 0*j - 838274. Is j a prime number?
False
Suppose -3*n - k + 86868 = 0, 24*k = 4*n + 19*k - 115843. Is n prime?
False
Suppose -16 = -23*c + 19*c. Suppose -c*k = -5*i + 3279, 13*i - 11*i - 1314 = 4*k. Is i a composite number?
True
Suppose 2*r = -4*o - 20, 2*r - 5*r = 5*o + 25. Suppose r = 13*g + 16919 - 6506. Is 1*(-4 - -1) + (-1 - g) a composite number?
False
Let d(f) = -5*f**3 - 7*f**2 + 7*f + 1. Let p = -2 + 17. Let u be (18/(-8))/(p/40*1). Is d(u) a prime number?
True
Suppose -2*v + 3 = 3*a, -4*a - 8*v + 4*v = 0. Suppose 0*i = i + r - 4194, 5*r = 0. Suppose -3*d - 4*n + 5*n = -i, -4*d + a*n = -5587. Is d prime?
True
Suppose -78*u - 768336 + 2416748 = -662650. Is u a composite number?
False
Let r be (19/(-5) + 2)/((-3)/15). Suppose 728 - 152 = -r*a. Let l = a - -131. Is l composite?
False
Let r(y) = 39460*y + 3641. Is r(21) composite?
True
Let q = 9717 + -5918. Is q a composite number?
True
Let k(v) = 19034*v - 3309. Is k(32) prime?
True
Let x be 1/6 - ((-533489)/66)/11. Suppose b + g + 22 = 6*g, 25 = 5*b + 2*g. Suppose -5*o - v = -1787 + 554, 3*o = -b*v + x. Is o composite?
True
Let s be 7/(-14)*(0 - (1 - 3)). Is -16*6*s/1 + 1 a prime number?
True
Suppose 5*c - 125 = -0*w + w, 5*c + 5*w - 125 = 0. Suppose -27*b + c*b = -10822. Is b prime?
False
Let s = 39 + -35. Let z(d) = d**2 - 3*d. Let m be z(s). Is 483 - (m + (-10)/5) prime?
False
Let t = 279993 + -140926. Is t a prime number?
True
Let a(m) = -3*m**2 + 5*m + 2 + 0*m**2 + 2*m**2. Let g be a(5). Is 8932/20 - (0 + g/(-5)) a composite number?
True
Suppose -2*k + 254234 = -15*d + 13*d, -18 = 3*d. Is k a prime number?
False
Suppose 698 + 247 = -9*t. Is 7*(1/5 - 14364/t) a prime number?
False
Suppose -15350 = -5*a - 19*q + 16*q, 0 = q + 5. Suppose 655 - a = -6*k. Is k a composite number?
True
Let l = 18158 - 10405. Is l composite?
False
Let t = -13316 + 49767. Is t prime?
True
Let d = 3217 + 90. Suppose 0 = 3*o - 2*t - d, -4*o = -3*o + 3*t - 1084. Is o composite?
True
Suppose 3*z - 3*d = 907392, 0 = -145*d + 150*d + 25. Is z composite?
False
Let x(c) = -392*c**3 + 73*c**2 + 957*c + 36. Is x(-11) composite?
True
Let g be 8/(-12) - 5/(-3). Let a be -2 + 59/3 + g/3. Suppose -a*r = -19*r + 31. Is r a prime number?
True
Let a(s) = -s**2 - 17*s - 6. Let m be a(-15). Let k(b) = -3*b**2 - 9*b - 3. Let i be k(m). Is i/(-5) - 2/5 prime?
True
Let w(l) = 4090*l + 88. Let r be w(18). Suppose 9*j - r + 20131 = 0. Is j a prime number?
True
Let l(q) = 2 + 124*q**2 + 4 - 28*q**2 + q + 156*q**2. Is l(-3) a composite number?
True
Let g = 264693 + -171674. Is g a prime number?
False
Let z(p) = p**3 - 2*p**2 - 3*p - 4. Let u be z(4). Suppose 3*w - 443 = u. Is ((-6)/(-2) - 2)*(w + -10) prime?
False
Let g = 172 + -169. Suppose 12*r - 4*a - 5905 = 7*r, -3*r - g*a + 3543 = 0. Is r composite?
False
Suppose 5*c - 8 - 17 = 5*o, 8 = -4*o. Suppose 0 = 3*i - 3, -c*q + 2*q + 14 = -2*i. Is (q/(-24))/((-2)/705) prime?
False
Suppose -28*q = -17*q - 11957. Suppose 4*g - 3*z + 1843 = 199, 4*g + 1640 = 4*z. Let y = q + g. Is y a composite number?
False
Suppose -4*o = -4*c + 9*c - 1738102, 5*o + c = 2172659. Is o a composite number?
True
Let j(w) = w**3 - 12*w**2 - w + 18. Let a be j(12). Suppose -a*x = -11*x + 225. Let c = x - -286. Is c a prime number?
True
Let i(w) = 180309*w**2 + 112*w - 114. Is i(1) prime?
True
Let w(p) = -7*p**3 + 17*p**2 - 9*p + 7. Let z(o) = -6*o**3 + 16*o**2 - 9*o + 6. Suppose 8 = -11*n + 9*n. Let k(t) = n*w(t) + 5*z(t). Is k(-9) composite?
True
Suppose 640722289 = 351*h - 23*h + 61*h. Is h composite?
False
Suppose -24 = 14*r + 18. Is 53655/27 + 8/108*r prime?
True
Let a be 18/(-8) - (-2 - (-21)/12). Is (-1670)/a*(5 - 176/40) a composite number?
True
Suppose 0 = -2*t - 5*n + 298394, -104*t - 745985 = -109*t - 3*n. Is t prime?
True
Let m = -63 - -73. Let i = -8 + m. Is (-4 + i)*-2 + 65 a prime number?
False
Let j(x) = 96513*x - 2386. Is j(5) a prime number?
False
Let r = -25263 + 72170. Is r a prime number?
False
Is 21/378*-9*-198334 composite?
True
Let d be (41/82)/(3/2 + -1). Is (-888)/((-18)/6) + (-2 - d) a composite number?
False
Let l = 31 + -35. Let k be (-60)/(-12) - (0 - l). Is k/((4/106)/(0 - -22)) composite?
True
Suppose -3*t + 329 = -x, -t = 3*x - 129 + 6. Suppose -169 = 3*j - q, -106 = 11*j - 9*j - 2*q. Let l = t + j. Is l prime?
True
Let v be 171/(-228) - (-83)/4. Suppose -4*n + 31168 = 9*l - 5*l, -4*l = -v. Is n composite?
True
Suppose -5*b + 5*v + 883830 = 0, -106*v + 104*v = b - 176763. Is b composite?
True
Let h(q) = 17*q + 124. Let u be h(-7). Suppose -2*y + u*k = -1287, 5*y - 6*k = -9*k + 3140. Is y prime?
True
Suppose 4*p + 1 - 25 = 0. Let r be p/12 - (-15)/12*90. Suppose -x + 2*w + 28 + r = 0, 3*w = x - 141. Is x a prime number?
False
Is ((-11)/22)/(1/(-58726)) a prime number?
True
Let n(y) be the third derivative of -1759*y**6/120 - y**5/15 - 5*y**4/24 - y**3/6 - 6*y**2 - 17*y. Is n(-1) prime?
True
Suppose -3*v + 3490 - 13414 = 0. Suppose 2*a - 4*c + 0*c = 11462, 3*a + 4*c = 17223. Let i = a + v. Is i a prime number?
False
Suppose 0*x = 5*x + 5, -5*x = p. Suppose -2915 = -2*m + 4*h + 3217, -5*m = -2*h - 15298. Suppose m = p*z - 25017. Is z composite?
True
Let m(n) = -32712*n - 67. Is m(-17) composite?
False
Suppose 5*h - 95313 = -s + 28254, -2*s + 247098 = h. Is s a prime number?
True
Suppose 2*d - 17 = 3*g, 0*d - 5*d - 3*g + 53 = 0. Suppose 5125 = d*p - 18585. Is p a composite number?
False
Let w be (-510)/(-5 - -11) - (3 + -8). Is (-535614)/(-60) - 8/w a composite number?
True
Is (((-1890380)/24)/(-5) - (-1)/(-1))*6 prime?
True
Suppose c + 5*r + 1492 = 2*r, 4*c + 5976 = -4*r. Let p = c + 699. Is (p - 6)/(-2 + 2 + -2) prime?
True
Let s(w) be the third derivative of 20*w**2 - 1/8*w**4 + 0*w + 1/6*w**3 + 0 + 67/20*w**5. Is s(1) a composite number?
False
Suppose -4*o - 2*r + 3784 = 0, o - 2*r = -r + 940. Let y = -537 - -272. Let j = y + o. Is j com